(-9). Suppose g*n = -4*h + n - 3, 5*n + 24 = 3*h. List the prime factors of (12 + -1)*(-2 + h).
11
Let a(p) = p**3 + 10*p**2 + 5*p - 12. Let v = 8 - 17. List the prime factors of a(v).
2, 3
Let z(c) = c**2 - 6*c + 9. Let l be z(6). Let f(j) = j**2 - 8*j + 13. What are the prime factors of f(l)?
2, 11
Let h be 1 - 3/(-2)*-6. Let i(c) = c**3 + 9*c**2 + 7*c. What are the prime factors of i(h)?
2
Suppose 18 = 4*j - 14. What are the prime factors of j?
2
Let y(p) = p**2 + 10*p - 34. What are the prime factors of y(-15)?
41
Suppose 2*b = 4*s + 16, -4*s = -b + 2*b + 16. Let v be 42*((-6)/s + 1). Suppose -6*u = -u - v. List the prime factors of u.
3, 7
Suppose 0 = -3*j - 5*f + 1 - 3, -2*f - 16 = 5*j. Let q be (-5 - j)/((-2)/4). Suppose 4*y + 3 = -1, x = q*y + 11. List the prime factors of x.
3
Let p be (-4)/(-30) - (-236)/30. Let y(c) = -c**2 + 11*c + 2. List the prime factors of y(p).
2, 13
Let f = -196 + 283. Suppose -5*t - 17 = -f. What are the prime factors of t?
2, 7
Suppose 4*k - 6 - 66 = 0. Let l be (-4)/k + 145/45. Suppose 25 = -2*w - l*w, 15 = 2*b - w. What are the prime factors of b?
5
Let v = 222 - 156. List the prime factors of v.
2, 3, 11
Let c(y) = y**3 - 5*y**2 + 4*y + 3. Let t be c(4). Suppose -t*q + 3*w = -q - 111, 4*q - w - 197 = 0. Suppose 0 = -4*x - 8 + q. List the prime factors of x.
2, 5
Let g = 217 - -18. What are the prime factors of g?
5, 47
Suppose 0*y + 5*y = 50. Suppose y = 2*w - w. Let x = w + 1. What are the prime factors of x?
11
Let q(r) = -4*r + 4*r - 1 + r + 5*r. Let c be q(1). Suppose 5*n = 35 + c. What are the prime factors of n?
2
Suppose -38 = -10*x + 22. What are the prime factors of x?
2, 3
Suppose 0 = z - 4, -4*q + 118 = -3*q + 5*z. What are the prime factors of q?
2, 7
Let y be 2/(-4) - (-15)/(-6). Let w(h) = -h**3 - 3*h**2 - 3*h + 3. List the prime factors of w(y).
2, 3
Suppose z = 2*z - 3*u + 34, 221 = -4*z - 5*u. Let h be (2 + 0)*2/4. What are the prime factors of z/(-4) - h/4?
2, 3
Let r(y) be the third derivative of 0 - y**3 - 7/24*y**4 + 0*y - 1/60*y**5 - 2*y**2. What are the prime factors of r(-5)?
2
Let a = 8 - 6. Suppose 0 = a*u - 4*t - 50, u + 0*u = t + 21. List the prime factors of u.
17
Suppose 5*h - 22 = 3. Let y be 1/h - 58/(-10). What are the prime factors of 32/y*(-12)/(-8)?
2
Suppose 0 = -10*u - 229 + 2249. List the prime factors of u.
2, 101
Let x(c) = 20*c - 3. Let j(m) = -19*m + 3. Let h(u) = -4*j(u) - 3*x(u). List the prime factors of h(2).
29
Let w = 28 + -40. List the prime factors of w*(2 + -4) - 1.
23
Let w = -250 + 357. What are the prime factors of w?
107
Suppose -j + 4*l = 0, 3*j - 4*l - 60 = 7*j. Let h be ((-4)/6)/(1/j). Suppose 20 + h = 2*x. What are the prime factors of x?
2, 7
Suppose -23 = -2*c + 165. What are the prime factors of c?
2, 47
Let c(o) = o**3 + 13*o**2 + 10*o - 8. Let r be c(-12). What are the prime factors of (-4)/((r/(-12))/1)?
3
Suppose -t + 14 = t. Let m = -3 + t. What are the prime factors of m?
2
Let m(w) = -23*w - 46. What are the prime factors of m(-7)?
5, 23
Let o be 30/9 - (-1)/(-3). Suppose -3*r - 3*k = k, o*r - 3 = -3*k. Suppose -5*h - 5 = -i + 2, r = -4*h. List the prime factors of i.
2
Let k = -19 - -21. Suppose 3*b - 8 = 7. Suppose 2*q - 25 = -4*w - 3*q, -k*q + 44 = b*w. List the prime factors of w.
2, 5
Let u = 124 + -106. What are the prime factors of u?
2, 3
Let b(s) = s**3 + 2*s**2 - s + 5. Let p be b(-4). Let j = -16 - p. What are the prime factors of j?
7
Let h(y) = 13*y - 1. Let a(l) = -l**3 + 4*l**2 + 5*l + 2. Let q be a(5). What are the prime factors of h(q)?
5
Suppose 6*o + 57 = 7*o. What are the prime factors of o?
3, 19
Let w = 19 + -11. Suppose 2*v + f - w = -1, 3*f = -3. Suppose 3*s - 40 = -v. What are the prime factors of s?
2, 3
Let s(y) be the first derivative of -y + 7/4*y**4 + 0*y**3 + 1 + y**2. List the prime factors of s(1).
2
Let d(s) = -s**2 + 7*s - 3. Let w be d(7). List the prime factors of (-1)/(w/48) + -2.
2, 7
Let f be 5/(20/32) - 3. Suppose 0 = -f*j + 44 + 16. What are the prime factors of j?
2, 3
Let w = 415 - 142. List the prime factors of w.
3, 7, 13
Let i be (-1 - -1) + -4 + 30. Suppose 62 = 2*b + i. Suppose -5*o + b = -22. What are the prime factors of o?
2
Suppose -2*b - 46 + 14 = 0. Let l = 25 + b. List the prime factors of l.
3
Let y(b) = 138*b**2 + b - 1. Let d be y(1). Let r = d - 96. List the prime factors of r.
2, 3, 7
Let o(m) = 3*m + 6 - 1 - 5 - 5. Let w(s) = s. Let g(j) = o(j) - 4*w(j). What are the prime factors of g(-7)?
2
Suppose -t - 5*k + 9 = -17, 199 = 4*t + k. What are the prime factors of t?
3, 17
Suppose -4*g = -5*g + 5. Suppose -5*p - 5*k + 270 = 0, -2*p - 80 = -4*p + g*k. What are the prime factors of p?
2, 5
Let m = 7 - -3. Let u be 3/5 + 24/m. Suppose 2*j - 7 = -g - 0, -3*j = -u*g + 3. List the prime factors of j.
2
Suppose x = -3*x + 8. List the prime factors of -1*12/(-3)*x.
2
Suppose 0 = -4*f + 4*n + 104, -46 = -2*f - n + 6*n. List the prime factors of f.
2, 7
Suppose 15*o - 9*o = 72. What are the prime factors of o?
2, 3
Suppose u - 5*d - 22 - 5 = 0, -15 = 5*u + 5*d. Suppose -7*m = -u*m - 65. What are the prime factors of m?
13
Let m be 0/(6 - 3 - -1). Suppose m = -3*b + 4*d + 97, 2*b + 0*d - 4*d - 58 = 0. List the prime factors of b.
3, 13
Let l(h) = h - 2. Let d be l(5). Suppose -d*a + 12 = 2*y - 1, a - 5*y - 27 = 0. List the prime factors of a.
7
Let f(m) = -m**2 + 3*m + 8. List the prime factors of f(0).
2
Suppose 0 = -9*f + 45 + 72. What are the prime factors of f?
13
Let n be 0 + -3 - (2 - -5). Let s = n - -22. What are the prime factors of s?
2, 3
Suppose -5*h - 2 = 8. Let m(t) = t + 1. Let j be m(5). Let a = h + j. What are the prime factors of a?
2
What are the prime factors of 3 - -3*(0 + (-142)/(-3))?
5, 29
Suppose -24 = 4*f + 5*v - 79, 5*f + 4*v = 62. List the prime factors of f.
2, 5
Let f(k) = k**2 + k - 9. Let q(h) = -1. Let z(x) = -f(x) + 4*q(x). Suppose 0 = 3*g - 7*g. What are the prime factors of z(g)?
5
Let c = 0 + -2. Let s(f) = f**2 + 2*f + 2. What are the prime factors of s(c)?
2
Let c(o) = -3 + 2*o + 3*o**2 + 0 + 0*o - 2*o**2. List the prime factors of c(-4).
5
Suppose 0 = 5*x + 3*k + 10, -x - 4*k = 25 - 6. Suppose 0 = f + 1 - 3, 3*b + x = -f. Let i = 12 + b. List the prime factors of i.
11
Suppose -19 = -2*v + 5*z, 0*z = 3*v + 2*z. Suppose 0*i - 16 = v*i. Let b = i - -15. What are the prime factors of b?
7
Let g = 109 - 72. List the prime factors of g.
37
Suppose 22 = 2*a + 3*u, 3*u = 2*a + a - 18. Suppose -a - 40 = -4*s. List the prime factors of s.
2, 3
Suppose -h = 3*p - 2*p - 180, 3*h = 4*p - 706. List the prime factors of p.
2, 89
Suppose -2 = x - 0. List the prime factors of 14/6 + x/6.
2
Let i(m) = -8*m - 1. List the prime factors of i(-3).
23
Let p be (0 - 0)*(-6)/12. Suppose 3*j + 2*j - 50 = p. List the prime factors of j.
2, 5
Let t = 39 - 19. Let n = t - 13. List the prime factors of n.
7
Let d(y) = -y**2 + 4*y + 7. Let q be d(5). Suppose -30 = -2*k - q. Let c = k - 4. List the prime factors of c.
2, 5
Suppose -2*y - 4 = -12, 2*y = -5*v + 463. What are the prime factors of v?
7, 13
Let t(d) = d**2 - 8*d - 7. Let a be t(8). Let u(o) = 4*o**2 - 18*o - 1. Let b(m) = -m**2 + 6*m. Let x(l) = 7*b(l) + 2*u(l). What are the prime factors of x(a)?
5
Let z(a) = a**3 - 3*a**2 - 4*a + 4. Let c be z(4). Let b = c - 5. What are the prime factors of (b - -7)*2 - 2?
2, 5
Suppose 5*d - 3 - 7 = 0. Let b(r) = -r**2 + d*r**2 - 2*r**2 + 1 + 6*r. What are the prime factors of b(5)?
2, 3
Let y(g) = -49*g**3 - g**2. Let f(j) = j**3 - 9*j**2 + j - 10. Let s be f(9). Let d be y(s). Suppose -7 = -5*i + d. List the prime factors of i.
11
Let w = 4 - 1. Suppose -w = -s + 2. Let v = 8 - s. What are the prime factors of v?
3
Suppose -4*j + 8 = -5*a, -2*a + 2*j - j - 2 = 0. Suppose 10*u + 55 = 5*u + 5*m, -u - m - 1 = a. Let h = u + 10. What are the prime factors of h?
2
Let r be 0*(6/4)/3. Suppose -2*y + 5*j = r, -5*y - 2*j - j - 62 = 0. Let s = y + 19. List the prime factors of s.
3
Suppose 6*u - 3*u - 2*c + 2 = 0, 2*u = -3*c - 10. List the prime factors of 1*20/((-8)/u).
5
Let m = -37 + 64. What are the prime factors of m?
3
Suppose -3*o + k = -4, 6*k + 4 = -4*o + 5*k. Let u(b) = b**2 - b. Let n be u(o). Let m(r) = r + 11. What are the prime factors of m(n)?
11
Suppose 0 = 5*q - 3